{"id":436,"date":"2025-08-25T22:22:17","date_gmt":"2025-08-26T01:22:17","guid":{"rendered":"https:\/\/www.nepo.unicamp.br\/projetos\/formasurbanas\/?page_id=436"},"modified":"2025-11-15T14:19:02","modified_gmt":"2025-11-15T17:19:02","slug":"eventos","status":"publish","type":"page","link":"https:\/\/www.nepo.unicamp.br\/projetos\/formasurbanas\/eventos\/","title":{"rendered":"Eventos"},"content":{"rendered":"\n<div class=\"wp-block-group alignfull has-medium-font-size has-global-padding is-layout-constrained wp-block-group-is-layout-constrained\">\n<div style=\"height:45px\" aria-hidden=\"true\" class=\"wp-block-spacer\"><\/div>\n\n\n\n<div class=\"wp-block-group alignwide is-layout-flow wp-block-group-is-layout-flow\">\n<p class=\"has-text-align-left has-custom-fundo-1-color has-text-color has-link-color has-heading-font-family has-large-font-size wp-elements-ee24338dc2d23817a9853ff0d16b46a8\" style=\"font-style:normal;font-weight:700\">Urbaniza\u00e7\u00e3o e mobilidades: novidades ou apenas continuidades?<\/p>\n\n\n\n<p class=\"has-custom-color-1-color has-text-color has-link-color has-body-font-family has-medium-font-size wp-elements-27550ac88b97cdccae08e117a0029c45\">Este foi um evento que reuniu pesquisadores(as) e formuladores(as) com experi\u00eancia no campo da urbaniza\u00e7\u00e3o para discuss\u00e3o sobre as poss\u00edveis novidades e desafios na Am\u00e9rica Latina para esse processo. Seu objetivo foi de articular contribui\u00e7\u00f5es provenientes tanto da pesquisa acad\u00eamica, quanto da experi\u00eancia em \u00f3rg\u00e3os governamentais, executivos ou de planejamento urbano. O evento contou com a participa\u00e7\u00e3o do Ge\u00f3grafo-Dem\u00f3grafo Ednelson Mariano Dota (Universidade Estadual de Campinas), Soci\u00f3loga Wendy Molina (Universidad de Costa Rica), Arquiteta-Urbanista Raquel Rolnik (Universidade de S\u00e3o Paulo), Professora Paola Jir\u00f3n (Universidad de Chile) e Arquiteta-Urbanista e Soci\u00f3loga Martha Schteingart (El Col\u00e9gio de M\u00e9xico).<\/p>\n\n\n\n<p><strong>Idioma:<\/strong> Espanhol.<\/p>\n\n\n\n<figure class=\"wp-block-embed aligncenter is-type-video is-provider-youtube wp-block-embed-youtube wp-embed-aspect-16-9 wp-has-aspect-ratio\"><div class=\"wp-block-embed__wrapper\">\n<iframe loading=\"lazy\" title=\"Urbaniza\u00e7\u00e3o e mobilidades: novidades ou apenas continuidades?\" width=\"500\" height=\"281\" src=\"https:\/\/www.youtube.com\/embed\/9HVnom82Qko?feature=oembed\" frameborder=\"0\" allow=\"accelerometer; autoplay; clipboard-write; encrypted-media; gyroscope; picture-in-picture; web-share\" referrerpolicy=\"strict-origin-when-cross-origin\" allowfullscreen><\/iframe>\n<\/div><\/figure>\n\n\n\n<p class=\"has-custom-fundo-1-color has-text-color has-link-color has-heading-font-family has-medium-font-size wp-elements-7e15040f049c36f748dede00d51aaea0\">11 de novembro de 2025, 14:00 \u00e0s 16:00 no hor\u00e1rio de bras\u00edlia.<\/p>\n<\/div>\n\n\n\n<div style=\"height:18px\" aria-hidden=\"true\" class=\"wp-block-spacer\"><\/div>\n\n\n\n<hr class=\"wp-block-separator alignwide has-text-color has-custom-fundo-1-color has-alpha-channel-opacity has-custom-fundo-1-background-color has-background\"\/>\n\n\n\n<div style=\"height:18px\" aria-hidden=\"true\" class=\"wp-block-spacer\"><\/div>\n\n\n\n<div class=\"wp-block-group alignwide is-layout-flow wp-block-group-is-layout-flow\">\n<p class=\"has-text-align-left has-custom-fundo-1-color has-text-color has-link-color has-heading-font-family has-large-font-size wp-elements-5129005fa62226a81f7dbcb039cfab1c\" style=\"font-style:normal;font-weight:700\">2025 Regional Studies Association Latin America Conference<\/p>\n\n\n\n<p class=\"has-custom-color-1-color has-text-color has-link-color has-body-font-family has-medium-font-size wp-elements-808d30926dcd9df751b17c52742be03a\">O <em>&#8220;2025 Regional Studies Association Latin America Conference&#8221;<\/em> foi um evento internacional que buscava promover um espa\u00e7o para debate de desafios e oportunidades de adapta\u00e7\u00e3o \u00e0s mudan\u00e7as do mundo com transforma\u00e7\u00f5es tecnol\u00f3gicas, crise ambiental, esgotamento de recursos, reorganiza\u00e7\u00e3o geopol\u00edtica e dentro outros. O evento contou com a apresenta\u00e7\u00e3o do trabalho do coordenador do Projeto Formas Urbanas, o professor Ednelson Mariano Dota, sob o t\u00edtulo de <em>&#8220;Delimitation and Analysis of Spatial Transformations in Populations Mobility in the State of S\u00e3o Paulo, Brazil&#8221;<\/em>.<\/p>\n\n\n\n<p><strong>Idioma: <\/strong>Ingl\u00eas.<\/p>\n\n\n\n<div class=\"wp-block-buttons is-layout-flex wp-block-buttons-is-layout-flex\">\n<div class=\"wp-block-button is-style-outline is-style-outline--1\"><a class=\"wp-block-button__link wp-element-button\" href=\"https:\/\/www.regionalstudies.org\/events\/rsala25\/\" style=\"border-width:3px\" target=\"_blank\" rel=\"noreferrer noopener\">Saiba mais<\/a><\/div>\n<\/div>\n\n\n\n<p class=\"has-custom-fundo-1-color has-text-color has-link-color has-heading-font-family has-medium-font-size wp-elements-ad96da46f2f7f37b06b121fc8b487be4\">22 a 24 de Outubro de 2025.<\/p>\n<\/div>\n\n\n\n<div style=\"height:18px\" aria-hidden=\"true\" class=\"wp-block-spacer\"><\/div>\n\n\n\n<hr class=\"wp-block-separator alignwide has-text-color has-custom-fundo-1-color has-alpha-channel-opacity has-custom-fundo-1-background-color has-background\"\/>\n\n\n\n<div style=\"height:18px\" aria-hidden=\"true\" class=\"wp-block-spacer\"><\/div>\n\n\n\n<div class=\"wp-block-group alignwide is-layout-flow wp-block-group-is-layout-flow\">\n<p class=\"has-text-align-left has-custom-fundo-1-color has-text-color has-link-color has-heading-font-family has-large-font-size wp-elements-0982f9ce7214ea1b09f76b8812252ff6\" style=\"font-style:normal;font-weight:700\">XVI Encontro Nacional de P\u00f3s-Gradua\u00e7\u00e3o e Pesquisa em Geografia<\/p>\n\n\n\n<p class=\"has-custom-color-1-color has-text-color has-link-color has-body-font-family has-medium-font-size wp-elements-6833f66c2022c228384fa98213987585\">O XVI Encontro Nacional de P\u00f3s-Gradua\u00e7\u00e3o e Pesquisa em Geografia (ENANPEGE) foi um evento realizado na Universidade Federal do Amap\u00e1, campus Marco Zero do Equador, que visava criar um espa\u00e7o para discuss\u00f5es na \u00e1rea da Geografia segundo o tema &#8220;Geografias em um mundo em Crises&#8221;. A centralidade dos debates promovidos visavam alinhar a produ\u00e7\u00e3o cient\u00edfica com o objetivo de analisar os desafios da Geografia Brasileira diante de um mundo em crises pol\u00edticas e econ\u00f4micas contempor\u00e2neas, estabelecendo um horizonte para a supera\u00e7\u00e3o de din\u00e2micas que perpetuam as crises hist\u00f3ricas e estruturais de nosso tempo. Diversos pesquisadores puderam apresentar seus trabalhos, inclusive a nossa pesquisa J\u00f3ice de Oliveria dos Santos Domeniconi.<\/p>\n\n\n\n<p><strong>Idioma: <\/strong>Portugu\u00eas.<\/p>\n\n\n\n<div class=\"wp-block-buttons is-layout-flex wp-block-buttons-is-layout-flex\">\n<div class=\"wp-block-button is-style-outline is-style-outline--2\"><a class=\"wp-block-button__link wp-element-button\" href=\"https:\/\/www.enanpege.com.br\/sobre-evento\" style=\"border-width:3px\" target=\"_blank\" rel=\"noreferrer noopener\">Saiba mais<\/a><\/div>\n<\/div>\n\n\n\n<p class=\"has-custom-fundo-1-color has-text-color has-link-color has-heading-font-family has-medium-font-size wp-elements-04f0bac799e228fc77898a169b754301\">21 a 26 de Setembro de 2025.<\/p>\n<\/div>\n\n\n\n<div style=\"height:18px\" aria-hidden=\"true\" class=\"wp-block-spacer\"><\/div>\n\n\n\n<hr class=\"wp-block-separator alignwide has-text-color has-custom-fundo-1-color has-alpha-channel-opacity has-custom-fundo-1-background-color has-background\"\/>\n\n\n\n<div style=\"height:18px\" aria-hidden=\"true\" class=\"wp-block-spacer\"><\/div>\n\n\n\n<div class=\"wp-block-group alignwide is-layout-flow wp-block-group-is-layout-flow\">\n<p class=\"has-text-align-left has-custom-fundo-1-color has-text-color has-link-color has-heading-font-family has-large-font-size wp-elements-33150e01d1792e9bb6ac50a42fce6961\" style=\"font-style:normal;font-weight:700\">An\u00e1lisis de redes para la cualificaci\u00f3n de la relaci\u00f3n entre migraci\u00f3n y urbanizaci\u00f3n: el caso de S\u00e3o Paulo, Brasil<\/p>\n\n\n\n<p class=\"has-custom-color-1-color has-text-color has-link-color has-body-font-family has-medium-font-size wp-elements-592446c761e1a3b8891c0a6a7d23a6b4\">Este evento \u00e9 um encontro entre os pesquisadores Ednelson Mariano Dota (Universidade Estadual de Campinas), Emerson Baptista (<em>El Colegio de M\u00e9xico<\/em>), Jaime Sobrino <em>(El Colegio de M\u00e9xico<\/em>) organizado pelo <em>Centro de Estudios Demogr\u00e1ficos, Urbanos y Ambientales de El Colegio de M\u00e9xico<\/em> para discutir sobre an\u00e1lises de redes para qualificar rela\u00e7\u00f5es entre migra\u00e7\u00e3o e urbaniza\u00e7\u00e3o no caso de S\u00e3o Paulo, Brasil. Ele ser\u00e1 realizado na Sala Alfonso Reyes, <em>El Colegio do M\u00e9xico<\/em>, com transmiss\u00e3o ao vivo via youtube.<\/p>\n\n\n\n<p><strong>Idioma: <\/strong>Espanhol.<\/p>\n\n\n\n<figure class=\"wp-block-embed aligncenter is-type-video is-provider-youtube wp-block-embed-youtube wp-embed-aspect-16-9 wp-has-aspect-ratio\"><div class=\"wp-block-embed__wrapper\">\n<iframe loading=\"lazy\" title=\"An\u00e1lisis de redes para la cualificaci\u00f3n de la relaci\u00f3n entre migraci\u00f3n y urbanizaci\u00f3n\" width=\"500\" height=\"281\" src=\"https:\/\/www.youtube.com\/embed\/HJuU9CVTh6g?feature=oembed\" frameborder=\"0\" allow=\"accelerometer; autoplay; clipboard-write; encrypted-media; gyroscope; picture-in-picture; web-share\" referrerpolicy=\"strict-origin-when-cross-origin\" allowfullscreen><\/iframe>\n<\/div><\/figure>\n\n\n\n<div class=\"wp-block-buttons is-layout-flex wp-block-buttons-is-layout-flex\">\n<div class=\"wp-block-button is-style-outline is-style-outline--3\"><a class=\"wp-block-button__link wp-element-button\" href=\"https:\/\/agenda.colmex.mx\/Actividad\/4793\/analisis-de-redes-para-la-cualificacion-de-la-relacion-entre-migracion-y-urbanizacion-el-caso-de-s%C3%A3o-paulo-brasil\/20251020\" style=\"border-width:3px\">Saiba mais<\/a><\/div>\n<\/div>\n\n\n\n<p class=\"has-custom-fundo-1-color has-text-color has-link-color has-heading-font-family has-medium-font-size wp-elements-2bb3f3830a34e7345ca7a7c33136dcf5\">20 de outubro de 2025, 15:00 \u00e0s 17:00 horas no hor\u00e1rio de Bras\u00edlia.<\/p>\n<\/div>\n\n\n\n<div style=\"height:18px\" aria-hidden=\"true\" class=\"wp-block-spacer\"><\/div>\n\n\n\n<hr class=\"wp-block-separator alignwide has-text-color has-custom-fundo-1-color has-alpha-channel-opacity has-custom-fundo-1-background-color has-background\"\/>\n\n\n\n<div style=\"height:18px\" aria-hidden=\"true\" class=\"wp-block-spacer\"><\/div>\n\n\n\n<div class=\"wp-block-group alignwide is-vertical is-content-justification-stretch is-nowrap is-layout-flex wp-container-core-group-is-layout-366e96bd wp-block-group-is-layout-flex\" style=\"margin-top:0;margin-bottom:0\">\n<div class=\"wp-block-group is-layout-flow wp-block-group-is-layout-flow\">\n<p class=\"has-text-align-left has-custom-fundo-1-color has-text-color has-link-color has-heading-font-family has-large-font-size wp-elements-6000c5236dd9a690fb8347db15597d50\" style=\"font-style:normal;font-weight:700\">Semin\u00e1rio Internacional sobre Segrega\u00e7\u00e3o Socioespacial e Faveliza\u00e7\u00e3o: Caminhos para a Pesquisa e An\u00e1lise Urbana<\/p>\n\n\n\n<p class=\"has-custom-color-1-color has-text-color has-link-color has-body-font-family has-medium-font-size wp-elements-cc2825e6742cd39c9de57be009badad6\">Evento realizado na Universidade Federal do Esp\u00edrito Santo com o objetivo de debater os principais fatores que impactam os processos de faveliza\u00e7\u00e3o e segrega\u00e7\u00e3o socioespacial, analisando implica\u00e7\u00f5es na din\u00e2mica urbana e na formula\u00e7\u00e3o de pol\u00edticas p\u00fablicas.<\/p>\n\n\n\n<p><strong>Idioma:<\/strong> Portugu\u00eas.<\/p>\n\n\n\n<div class=\"wp-block-buttons is-layout-flex wp-block-buttons-is-layout-flex\">\n<div class=\"wp-block-button is-style-outline is-style-outline--4\"><a class=\"wp-block-button__link wp-element-button\" href=\"https:\/\/geografia.ufes.br\/pt-br\/conteudo\/i-seminario-internacional-segregacao-socioespacial-e-favelizacao-caminhos-para-pesquisa-e\" style=\"border-width:3px\">Saiba mais<\/a><\/div>\n<\/div>\n\n\n\n<p class=\"has-custom-fundo-1-color has-text-color has-link-color has-heading-font-family has-medium-font-size wp-elements-cc334637b547f257cbea50a558a7a959\">22 de abril de 2025.<\/p>\n<\/div>\n<\/div>\n\n\n\n<div style=\"height:45px\" aria-hidden=\"true\" class=\"wp-block-spacer\"><\/div>\n<\/div>\n\n\n\n<p><\/p>\n","protected":false},"excerpt":{"rendered":"<p>Urbaniza\u00e7\u00e3o e mobilidades: novidades ou apenas continuidades? Este foi um evento que reuniu pesquisadores(as) e formuladores(as) com experi\u00eancia no campo da urbaniza\u00e7\u00e3o para discuss\u00e3o sobre as poss\u00edveis novidades e desafios na Am\u00e9rica Latina para esse processo. Seu objetivo foi de articular contribui\u00e7\u00f5es provenientes tanto da pesquisa acad\u00eamica, quanto da experi\u00eancia em \u00f3rg\u00e3os governamentais, executivos ou [&hellip;]<\/p>\n","protected":false},"author":2,"featured_media":0,"parent":0,"menu_order":0,"comment_status":"closed","ping_status":"closed","template":"","meta":{"footnotes":""},"class_list":["post-436","page","type-page","status-publish","hentry"],"_links":{"self":[{"href":"https:\/\/www.nepo.unicamp.br\/projetos\/formasurbanas\/wp-json\/wp\/v2\/pages\/436","targetHints":{"allow":["GET"]}}],"collection":[{"href":"https:\/\/www.nepo.unicamp.br\/projetos\/formasurbanas\/wp-json\/wp\/v2\/pages"}],"about":[{"href":"https:\/\/www.nepo.unicamp.br\/projetos\/formasurbanas\/wp-json\/wp\/v2\/types\/page"}],"author":[{"embeddable":true,"href":"https:\/\/www.nepo.unicamp.br\/projetos\/formasurbanas\/wp-json\/wp\/v2\/users\/2"}],"replies":[{"embeddable":true,"href":"https:\/\/www.nepo.unicamp.br\/projetos\/formasurbanas\/wp-json\/wp\/v2\/comments?post=436"}],"version-history":[{"count":13,"href":"https:\/\/www.nepo.unicamp.br\/projetos\/formasurbanas\/wp-json\/wp\/v2\/pages\/436\/revisions"}],"predecessor-version":[{"id":485,"href":"https:\/\/www.nepo.unicamp.br\/projetos\/formasurbanas\/wp-json\/wp\/v2\/pages\/436\/revisions\/485"}],"wp:attachment":[{"href":"https:\/\/www.nepo.unicamp.br\/projetos\/formasurbanas\/wp-json\/wp\/v2\/media?parent=436"}],"curies":[{"name":"wp","href":"https:\/\/api.w.org\/{rel}","templated":true}]}}

<div class="wp-block-group alignfull has-medium-font-size has-global-padding is-layout-constrained wp-block-group-is-layout-constrained">
<div style="height:45px" aria-hidden="true" class="wp-block-spacer"></div>



<div class="wp-block-group alignwide is-layout-flow wp-block-group-is-layout-flow">
<p class="has-text-align-left has-custom-fundo-1-color has-text-color has-link-color has-heading-font-family has-large-font-size wp-elements-ee24338dc2d23817a9853ff0d16b46a8" style="font-style:normal;font-weight:700">Urbanização e mobilidades: novidades ou apenas continuidades?</p>



<p class="has-custom-color-1-color has-text-color has-link-color has-body-font-family has-medium-font-size wp-elements-27550ac88b97cdccae08e117a0029c45">Este foi um evento que reuniu pesquisadores(as) e formuladores(as) com experiência no campo da urbanização para discussão sobre as possíveis novidades e desafios na América Latina para esse processo. Seu objetivo foi de articular contribuições provenientes tanto da pesquisa acadêmica, quanto da experiência em órgãos governamentais, executivos ou de planejamento urbano. O evento contou com a participação do Geógrafo-Demógrafo Ednelson Mariano Dota (Universidade Estadual de Campinas), Socióloga Wendy Molina (Universidad de Costa Rica), Arquiteta-Urbanista Raquel Rolnik (Universidade de São Paulo), Professora Paola Jirón (Universidad de Chile) e Arquiteta-Urbanista e Socióloga Martha Schteingart (El Colégio de México).</p>



<p><strong>Idioma:</strong> Espanhol.</p>



<figure class="wp-block-embed aligncenter is-type-video is-provider-youtube wp-block-embed-youtube wp-embed-aspect-16-9 wp-has-aspect-ratio"><div class="wp-block-embed__wrapper">
<iframe loading="lazy" title="Urbanização e mobilidades: novidades ou apenas continuidades?" width="500" height="281" src="https://www.youtube.com/embed/9HVnom82Qko?feature=oembed" frameborder="0" allow="accelerometer; autoplay; clipboard-write; encrypted-media; gyroscope; picture-in-picture; web-share" referrerpolicy="strict-origin-when-cross-origin" allowfullscreen></iframe>
</div></figure>



<p class="has-custom-fundo-1-color has-text-color has-link-color has-heading-font-family has-medium-font-size wp-elements-7e15040f049c36f748dede00d51aaea0">11 de novembro de 2025, 14:00 às 16:00 no horário de brasília.</p>
</div>



<div style="height:18px" aria-hidden="true" class="wp-block-spacer"></div>



<hr class="wp-block-separator alignwide has-text-color has-custom-fundo-1-color has-alpha-channel-opacity has-custom-fundo-1-background-color has-background"/>



<div style="height:18px" aria-hidden="true" class="wp-block-spacer"></div>



<div class="wp-block-group alignwide is-layout-flow wp-block-group-is-layout-flow">
<p class="has-text-align-left has-custom-fundo-1-color has-text-color has-link-color has-heading-font-family has-large-font-size wp-elements-5129005fa62226a81f7dbcb039cfab1c" style="font-style:normal;font-weight:700">2025 Regional Studies Association Latin America Conference</p>



<p class="has-custom-color-1-color has-text-color has-link-color has-body-font-family has-medium-font-size wp-elements-808d30926dcd9df751b17c52742be03a">O <em>&#8220;2025 Regional Studies Association Latin America Conference&#8221;</em> foi um evento internacional que buscava promover um espaço para debate de desafios e oportunidades de adaptação às mudanças do mundo com transformações tecnológicas, crise ambiental, esgotamento de recursos, reorganização geopolítica e dentro outros. O evento contou com a apresentação do trabalho do coordenador do Projeto Formas Urbanas, o professor Ednelson Mariano Dota, sob o título de <em>&#8220;Delimitation and Analysis of Spatial Transformations in Populations Mobility in the State of São Paulo, Brazil&#8221;</em>.</p>



<p><strong>Idioma: </strong>Inglês.</p>



<div class="wp-block-buttons is-layout-flex wp-block-buttons-is-layout-flex">
<div class="wp-block-button is-style-outline is-style-outline--1"><a class="wp-block-button__link wp-element-button" href="https://www.regionalstudies.org/events/rsala25/" style="border-width:3px" target="_blank" rel="noreferrer noopener">Saiba mais</a></div>
</div>



<p class="has-custom-fundo-1-color has-text-color has-link-color has-heading-font-family has-medium-font-size wp-elements-ad96da46f2f7f37b06b121fc8b487be4">22 a 24 de Outubro de 2025.</p>
</div>



<div style="height:18px" aria-hidden="true" class="wp-block-spacer"></div>



<hr class="wp-block-separator alignwide has-text-color has-custom-fundo-1-color has-alpha-channel-opacity has-custom-fundo-1-background-color has-background"/>



<div style="height:18px" aria-hidden="true" class="wp-block-spacer"></div>



<div class="wp-block-group alignwide is-layout-flow wp-block-group-is-layout-flow">
<p class="has-text-align-left has-custom-fundo-1-color has-text-color has-link-color has-heading-font-family has-large-font-size wp-elements-0982f9ce7214ea1b09f76b8812252ff6" style="font-style:normal;font-weight:700">XVI Encontro Nacional de Pós-Graduação e Pesquisa em Geografia</p>



<p class="has-custom-color-1-color has-text-color has-link-color has-body-font-family has-medium-font-size wp-elements-6833f66c2022c228384fa98213987585">O XVI Encontro Nacional de Pós-Graduação e Pesquisa em Geografia (ENANPEGE) foi um evento realizado na Universidade Federal do Amapá, campus Marco Zero do Equador, que visava criar um espaço para discussões na área da Geografia segundo o tema &#8220;Geografias em um mundo em Crises&#8221;. A centralidade dos debates promovidos visavam alinhar a produção científica com o objetivo de analisar os desafios da Geografia Brasileira diante de um mundo em crises políticas e econômicas contemporâneas, estabelecendo um horizonte para a superação de dinâmicas que perpetuam as crises históricas e estruturais de nosso tempo. Diversos pesquisadores puderam apresentar seus trabalhos, inclusive a nossa pesquisa Jóice de Oliveria dos Santos Domeniconi.</p>



<p><strong>Idioma: </strong>Português.</p>



<div class="wp-block-buttons is-layout-flex wp-block-buttons-is-layout-flex">
<div class="wp-block-button is-style-outline is-style-outline--2"><a class="wp-block-button__link wp-element-button" href="https://www.enanpege.com.br/sobre-evento" style="border-width:3px" target="_blank" rel="noreferrer noopener">Saiba mais</a></div>
</div>



<p class="has-custom-fundo-1-color has-text-color has-link-color has-heading-font-family has-medium-font-size wp-elements-04f0bac799e228fc77898a169b754301">21 a 26 de Setembro de 2025.</p>
</div>



<div style="height:18px" aria-hidden="true" class="wp-block-spacer"></div>



<hr class="wp-block-separator alignwide has-text-color has-custom-fundo-1-color has-alpha-channel-opacity has-custom-fundo-1-background-color has-background"/>



<div style="height:18px" aria-hidden="true" class="wp-block-spacer"></div>



<div class="wp-block-group alignwide is-layout-flow wp-block-group-is-layout-flow">
<p class="has-text-align-left has-custom-fundo-1-color has-text-color has-link-color has-heading-font-family has-large-font-size wp-elements-33150e01d1792e9bb6ac50a42fce6961" style="font-style:normal;font-weight:700">Análisis de redes para la cualificación de la relación entre migración y urbanización: el caso de São Paulo, Brasil</p>



<p class="has-custom-color-1-color has-text-color has-link-color has-body-font-family has-medium-font-size wp-elements-592446c761e1a3b8891c0a6a7d23a6b4">Este evento é um encontro entre os pesquisadores Ednelson Mariano Dota (Universidade Estadual de Campinas), Emerson Baptista (<em>El Colegio de México</em>), Jaime Sobrino <em>(El Colegio de México</em>) organizado pelo <em>Centro de Estudios Demográficos, Urbanos y Ambientales de El Colegio de México</em> para discutir sobre análises de redes para qualificar relações entre migração e urbanização no caso de São Paulo, Brasil. Ele será realizado na Sala Alfonso Reyes, <em>El Colegio do México</em>, com transmissão ao vivo via youtube.</p>



<p><strong>Idioma: </strong>Espanhol.</p>



<figure class="wp-block-embed aligncenter is-type-video is-provider-youtube wp-block-embed-youtube wp-embed-aspect-16-9 wp-has-aspect-ratio"><div class="wp-block-embed__wrapper">
<iframe loading="lazy" title="Análisis de redes para la cualificación de la relación entre migración y urbanización" width="500" height="281" src="https://www.youtube.com/embed/HJuU9CVTh6g?feature=oembed" frameborder="0" allow="accelerometer; autoplay; clipboard-write; encrypted-media; gyroscope; picture-in-picture; web-share" referrerpolicy="strict-origin-when-cross-origin" allowfullscreen></iframe>
</div></figure>



<div class="wp-block-buttons is-layout-flex wp-block-buttons-is-layout-flex">
<div class="wp-block-button is-style-outline is-style-outline--3"><a class="wp-block-button__link wp-element-button" href="https://agenda.colmex.mx/Actividad/4793/analisis-de-redes-para-la-cualificacion-de-la-relacion-entre-migracion-y-urbanizacion-el-caso-de-s%C3%A3o-paulo-brasil/20251020" style="border-width:3px">Saiba mais</a></div>
</div>



<p class="has-custom-fundo-1-color has-text-color has-link-color has-heading-font-family has-medium-font-size wp-elements-2bb3f3830a34e7345ca7a7c33136dcf5">20 de outubro de 2025, 15:00 às 17:00 horas no horário de Brasília.</p>
</div>



<div style="height:18px" aria-hidden="true" class="wp-block-spacer"></div>



<hr class="wp-block-separator alignwide has-text-color has-custom-fundo-1-color has-alpha-channel-opacity has-custom-fundo-1-background-color has-background"/>



<div style="height:18px" aria-hidden="true" class="wp-block-spacer"></div>



<div class="wp-block-group alignwide is-vertical is-content-justification-stretch is-nowrap is-layout-flex wp-container-core-group-is-layout-366e96bd wp-block-group-is-layout-flex" style="margin-top:0;margin-bottom:0">
<div class="wp-block-group is-layout-flow wp-block-group-is-layout-flow">
<p class="has-text-align-left has-custom-fundo-1-color has-text-color has-link-color has-heading-font-family has-large-font-size wp-elements-6000c5236dd9a690fb8347db15597d50" style="font-style:normal;font-weight:700">Seminário Internacional sobre Segregação Socioespacial e Favelização: Caminhos para a Pesquisa e Análise Urbana</p>



<p class="has-custom-color-1-color has-text-color has-link-color has-body-font-family has-medium-font-size wp-elements-cc2825e6742cd39c9de57be009badad6">Evento realizado na Universidade Federal do Espírito Santo com o objetivo de debater os principais fatores que impactam os processos de favelização e segregação socioespacial, analisando implicações na dinâmica urbana e na formulação de políticas públicas.</p>



<p><strong>Idioma:</strong> Português.</p>



<div class="wp-block-buttons is-layout-flex wp-block-buttons-is-layout-flex">
<div class="wp-block-button is-style-outline is-style-outline--4"><a class="wp-block-button__link wp-element-button" href="https://geografia.ufes.br/pt-br/conteudo/i-seminario-internacional-segregacao-socioespacial-e-favelizacao-caminhos-para-pesquisa-e" style="border-width:3px">Saiba mais</a></div>
</div>



<p class="has-custom-fundo-1-color has-text-color has-link-color has-heading-font-family has-medium-font-size wp-elements-cc334637b547f257cbea50a558a7a959">22 de abril de 2025.</p>
</div>
</div>



<div style="height:45px" aria-hidden="true" class="wp-block-spacer"></div>
</div>



<p></p>

<p>Urbanização e mobilidades: novidades ou apenas continuidades? Este foi um evento que reuniu pesquisadores(as) e formuladores(as) com experiência no campo da urbanização para discussão sobre as possíveis novidades e desafios na América Latina para esse processo. Seu objetivo foi de articular contribuições provenientes tanto da pesquisa acadêmica, quanto da experiência em órgãos governamentais, executivos ou [&hellip;]</p>
