{"id":25,"date":"2022-08-01T10:04:42","date_gmt":"2022-08-01T13:04:42","guid":{"rendered":"https:\/\/www.nepo.unicamp.br\/nacaob\/?page_id=25"},"modified":"2022-08-01T13:08:51","modified_gmt":"2022-08-01T16:08:51","slug":"links-uteis","status":"publish","type":"page","link":"https:\/\/www.nepo.unicamp.br\/nacaob\/links-uteis\/","title":{"rendered":"Links \u00fateis"},"content":{"rendered":"[vc_row][vc_column width=&#8221;1\/4&#8243;][vc_single_image image=&#8221;157&#8243; img_size=&#8221;full&#8221; onclick=&#8221;custom_link&#8221; link=&#8221;http:\/\/www.nepo.unicamp.br\/&#8221;][\/vc_column][vc_column width=&#8221;3\/4&#8243;][vc_empty_space][vc_text_separator title=&#8221;NEPO \u2013 N\u00facleo de Estudos de Popula\u00e7\u00e3o \u201cElza Berqu\u00f3\u201d&#8221; title_align=&#8221;separator_align_left&#8221; border_width=&#8221;2&#8243; el_class=&#8221;titulo&#8221;][vc_column_text]O N\u00facleo de Estudos de Popula\u00e7\u00e3o (NEPO) \u00e9 uma unidade de pesquisa interdisciplinar e multidisciplinar na \u00c1rea de Demografia e Estudos de Popula\u00e7\u00e3o da Universidade Estadual de Campinas (UNICAMP).[\/vc_column_text][\/vc_column][\/vc_row][vc_row][vc_column width=&#8221;1\/4&#8243;][vc_single_image image=&#8221;163&#8243; img_size=&#8221;full&#8221; onclick=&#8221;custom_link&#8221; link=&#8221;https:\/\/www.gov.br\/cnpq\/pt-br&#8221;][\/vc_column][vc_column width=&#8221;3\/4&#8243;][vc_text_separator title=&#8221;CNPq \u2013 Conselho Nacional de Desenvolvimento Cient\u00ed\u00adfico e Tecnol\u00f3gico&#8221; title_align=&#8221;separator_align_left&#8221; border_width=&#8221;2&#8243; el_class=&#8221;titulo&#8221;][vc_column_text]O Conselho Nacional de Desenvolvimento Cient\u00ed\u00adfico e Tecnol\u00f3gico (CNPq), ag\u00eancia do Minist\u00e9rio da Ci\u00eancia, Tecnologia e Inova\u00e7\u00e3o (MCTI), tem como principais atribui\u00e7\u00f5es fomentar a pesquisa cient\u00ed\u00adfica e tecnol\u00f3gica e incentivar a forma\u00e7\u00e3o de pesquisadores brasileiros.<\/p>\n<p>Criado em 1951, desempenha papel primordial na formula\u00e7\u00e3o e condu\u00e7\u00e3o das pol\u00edticas de ci\u00eancia, tecnologia e inova\u00e7\u00e3o. Sua atua\u00e7\u00e3o contribui para o desenvolvimento nacional e o reconhecimento das institui\u00e7\u00f5es de pesquisa e pesquisadores brasileiros pela comunidade cient\u00edfica internacional.[\/vc_column_text][\/vc_column][\/vc_row][vc_row][vc_column width=&#8221;1\/4&#8243;][vc_single_image image=&#8221;165&#8243; img_size=&#8221;full&#8221; onclick=&#8221;custom_link&#8221; link=&#8221;https:\/\/www.humanas.ufpr.br\/portal\/cedope\/&#8221;][\/vc_column][vc_column width=&#8221;3\/4&#8243;][vc_empty_space][vc_text_separator title=&#8221;Cedope \u2013 Centro de Documenta\u00e7\u00e3o e Pesquisa de Hist\u00f3ria dos Dom\u00ed\u00adnios Portugueses&#8221; title_align=&#8221;separator_align_left&#8221; border_width=&#8221;2&#8243; el_class=&#8221;titulo&#8221;][vc_column_text]O CEDOPE tem como objetivo central constituir-se em centro de pesquisas relativas a\u00a0 hist\u00f3ria do universo colonial portugu\u00eas, no per\u00ed\u00adodo moderno, no qual se inclui, al\u00e9m do Reino, os territ\u00f3rios do ultramar, em particular o Brasil.[\/vc_column_text][\/vc_column][\/vc_row][vc_row][vc_column width=&#8221;1\/4&#8243;][vc_single_image image=&#8221;166&#8243; img_size=&#8221;full&#8221; onclick=&#8221;custom_link&#8221; link=&#8221;https:\/\/sigaa.ufrn.br\/sigaa\/public\/programa\/portal.jsf?id=5570&#8243;][\/vc_column][vc_column width=&#8221;3\/4&#8243;][vc_empty_space][vc_text_separator title=&#8221;UFRN PPGDEM&#8221; title_align=&#8221;separator_align_left&#8221; border_width=&#8221;2&#8243; el_class=&#8221;titulo&#8221;][vc_column_text]O PPGDEM (Programa de P\u00f3s-gradua\u00e7\u00e3o em Demografia) tem como objetivo contribuir para o desenvolvimento da ci\u00eancia e o avan\u00e7o do conhecimento na \u00e1rea da demografia e as suas rela\u00e7\u00f5es com outras esferas do conhecimento, quais sejam: sa\u00fade, educa\u00e7\u00e3o, socioecon\u00f4mica, territorial e ambiental.[\/vc_column_text][\/vc_column][\/vc_row][vc_row][vc_column width=&#8221;1\/4&#8243;][vc_single_image image=&#8221;167&#8243; img_size=&#8221;full&#8221; onclick=&#8221;custom_link&#8221; link=&#8221;https:\/\/cedhal.fflch.usp.br\/&#8221;][\/vc_column][vc_column width=&#8221;3\/4&#8243;][vc_empty_space][vc_text_separator title=&#8221;USP CEDHAL&#8221; title_align=&#8221;separator_align_left&#8221; border_width=&#8221;2&#8243; el_class=&#8221;titulo&#8221;][vc_column_text]Centro de Estudos de Demografia Hist\u00f3rica da Am\u00e9rica Latina.[\/vc_column_text][\/vc_column][\/vc_row]\n","protected":false},"excerpt":{"rendered":"<p>[vc_row][vc_column width=&#8221;1\/4&#8243;][vc_single_image image=&#8221;157&#8243; img_size=&#8221;full&#8221; onclick=&#8221;custom_link&#8221; link=&#8221;http:\/\/www.nepo.unicamp.br\/&#8221;][\/vc_column][vc_column width=&#8221;3\/4&#8243;][vc_empty_space][vc_text_separator title=&#8221;NEPO \u2013 N\u00facleo de Estudos de Popula\u00e7\u00e3o \u201cElza Berqu\u00f3\u201d&#8221; title_align=&#8221;separator_align_left&#8221; border_width=&#8221;2&#8243; el_class=&#8221;titulo&#8221;][vc_column_text]O N\u00facleo de Estudos de Popula\u00e7\u00e3o (NEPO) \u00e9 uma unidade de pesquisa interdisciplinar e multidisciplinar na \u00c1rea de Demografia e Estudos de Popula\u00e7\u00e3o da Universidade Estadual de Campinas (UNICAMP).[\/vc_column_text][\/vc_column][\/vc_row][vc_row][vc_column width=&#8221;1\/4&#8243;][vc_single_image image=&#8221;163&#8243; img_size=&#8221;full&#8221; onclick=&#8221;custom_link&#8221; link=&#8221;https:\/\/www.gov.br\/cnpq\/pt-br&#8221;][\/vc_column][vc_column width=&#8221;3\/4&#8243;][vc_text_separator title=&#8221;CNPq \u2013 [&hellip;]<\/p>\n","protected":false},"author":1,"featured_media":0,"parent":0,"menu_order":0,"comment_status":"closed","ping_status":"closed","template":"","meta":{"footnotes":""},"class_list":["post-25","page","type-page","status-publish","hentry"],"_links":{"self":[{"href":"https:\/\/www.nepo.unicamp.br\/nacaob\/wp-json\/wp\/v2\/pages\/25","targetHints":{"allow":["GET"]}}],"collection":[{"href":"https:\/\/www.nepo.unicamp.br\/nacaob\/wp-json\/wp\/v2\/pages"}],"about":[{"href":"https:\/\/www.nepo.unicamp.br\/nacaob\/wp-json\/wp\/v2\/types\/page"}],"author":[{"embeddable":true,"href":"https:\/\/www.nepo.unicamp.br\/nacaob\/wp-json\/wp\/v2\/users\/1"}],"replies":[{"embeddable":true,"href":"https:\/\/www.nepo.unicamp.br\/nacaob\/wp-json\/wp\/v2\/comments?post=25"}],"version-history":[{"count":11,"href":"https:\/\/www.nepo.unicamp.br\/nacaob\/wp-json\/wp\/v2\/pages\/25\/revisions"}],"predecessor-version":[{"id":170,"href":"https:\/\/www.nepo.unicamp.br\/nacaob\/wp-json\/wp\/v2\/pages\/25\/revisions\/170"}],"wp:attachment":[{"href":"https:\/\/www.nepo.unicamp.br\/nacaob\/wp-json\/wp\/v2\/media?parent=25"}],"curies":[{"name":"wp","href":"https:\/\/api.w.org\/{rel}","templated":true}]}}